{"id":18,"date":"2017-02-18T18:52:37","date_gmt":"2017-02-18T18:52:37","guid":{"rendered":"http:\/\/zenaevoluce.cz\/test\/?page_id=18"},"modified":"2022-09-30T09:36:39","modified_gmt":"2022-09-30T09:36:39","slug":"program-akci","status":"publish","type":"page","link":"https:\/\/zenaevoluce.cz\/?page_id=18","title":{"rendered":"Akce"},"content":{"rendered":"<p>Svobodn\u00e9 a l\u00e1skypln\u00e9 d\u00e1my \u010darod\u011bjky,<\/p>\n<p>dovolte mi pozvat V\u00e1s na \u017eensk\u00e9 sd\u00edlen\u00ed v kruhu.<\/p>\n<p>V dob\u011b od 31.10 do 21. 12 se nach\u00e1z\u00ed sv\u011bt v energii Sta\u0159eny &#8211; Matky Temnoty &#8211; personifikace zimy, noci a ub\u00fdvaj\u00edc\u00edho m\u011bs\u00edce. Je moudr\u00e1 a v\u017edy si v\u00ed rady, je br\u00e1nou ke smrti a tak\u00e9 str\u00e1\u017ekyn\u00ed tajemstv\u00ed. Nej\u010dast\u011bji m\u00e1 barvu \u010dernou, barvu temnoty l\u016fna, kde v\u0161echen \u017eivot spo\u010d\u00edv\u00e1 v o\u010dek\u00e1v\u00e1n\u00ed znovuzrozen\u00ed. O Samhainu star\u00fd B\u016fh um\u00edr\u00e1 a navrac\u00ed se do zem\u011b zem\u0159el\u00fdch, aby tam \u010dekal na sv\u00e9 znovuzrozen\u00ed v \u010dase V\u00e1no\u010dn\u00edm. Bohyn\u011b zah\u00e1j\u00ed truchlen\u00ed za sv\u00e9ho syna a z\u00e1rove\u0148 druha a sv\u011bt se zahal\u00ed do temnoty a \u0161edi.<\/p>\n<p>Je to \u010das zavr\u017een\u00ed star\u00fdch ide\u00e1l\u016f a vliv\u016f, \u010das rozj\u00edm\u00e1n\u00ed o sob\u011b sam\u00e9, \u010das nevytv\u00e1\u0159en\u00ed si \u017e\u00e1dn\u00fdch dom\u011bnek, \u010das l\u00e1sky a pokory. Dovolme si otev\u0159\u00edt se sv\u00e9 bolesti, kterou prom\u011bn\u00edme v moudr\u00e9 pozn\u00e1n\u00ed &#8211; tajemstv\u00ed, kter\u00e9 bude posilovat vnit\u0159n\u00ed j\u00e1. Dovolme si roz\u017enout sv\u00ed\u010dku ve sv\u00e9 du\u0161i, sv\u011btlo, kter\u00e9 n\u00e1s povede na cest\u011b pozn\u00e1n\u00ed.<\/p>\n<p>Tento kruh pojme maxim\u00e1ln\u011b 13 \u017een a nab\u00eddne: tanec temna, meditace, sd\u00edlen\u00ed dechu a doteku, spole\u010dn\u00e9 j\u00eddlo a pit\u00ed, kouzlo pozn\u00e1n\u00ed vnit\u0159n\u00edho j\u00e1.<\/p>\n<p>S sebou si p\u0159ineste: pohodln\u00e9 oble\u010den\u00ed a mal\u00fd no\u017e\u00edk.<br \/>\nOb\u010derstven\u00ed a dal\u0161\u00ed rekvizity jsou v cen\u011b: 1100,- K\u010d.<br \/>\nDoba trv\u00e1n\u00ed kruhu je od 10:00 do 20:00 hod.<\/p>\n<p>26.listopadu 2016 \u2013 Riegrova 3A, \u010cesk\u00e9 Bud\u011bjovice<br \/>\n3. prosince 2016 &#8211; Studio Elix\u00edr, Vinohradsk\u00e1 70, Praha 3 &#8211; Vinohrady<\/p>\n","protected":false},"excerpt":{"rendered":"<p>Svobodn\u00e9 a l\u00e1skypln\u00e9 d\u00e1my \u010darod\u011bjky, dovolte mi pozvat V\u00e1s na \u017eensk\u00e9 sd\u00edlen\u00ed v kruhu. V dob\u011b od 31.10 do 21. 12 se nach\u00e1z\u00ed sv\u011bt v energii Sta\u0159eny &#8211; Matky Temnoty &#8211; personifikace zimy, noci a ub\u00fdvaj\u00edc\u00edho m\u011bs\u00edce. Je moudr\u00e1 a v\u017edy si v\u00ed rady, je br\u00e1nou ke smrti a tak\u00e9 [&hellip;]<\/p>\n","protected":false},"author":1,"featured_media":0,"parent":0,"menu_order":0,"comment_status":"closed","ping_status":"closed","template":"","meta":[],"_links":{"self":[{"href":"https:\/\/zenaevoluce.cz\/index.php?rest_route=\/wp\/v2\/pages\/18"}],"collection":[{"href":"https:\/\/zenaevoluce.cz\/index.php?rest_route=\/wp\/v2\/pages"}],"about":[{"href":"https:\/\/zenaevoluce.cz\/index.php?rest_route=\/wp\/v2\/types\/page"}],"author":[{"embeddable":true,"href":"https:\/\/zenaevoluce.cz\/index.php?rest_route=\/wp\/v2\/users\/1"}],"replies":[{"embeddable":true,"href":"https:\/\/zenaevoluce.cz\/index.php?rest_route=%2Fwp%2Fv2%2Fcomments&post=18"}],"version-history":[{"count":3,"href":"https:\/\/zenaevoluce.cz\/index.php?rest_route=\/wp\/v2\/pages\/18\/revisions"}],"predecessor-version":[{"id":208,"href":"https:\/\/zenaevoluce.cz\/index.php?rest_route=\/wp\/v2\/pages\/18\/revisions\/208"}],"wp:attachment":[{"href":"https:\/\/zenaevoluce.cz\/index.php?rest_route=%2Fwp%2Fv2%2Fmedia&parent=18"}],"curies":[{"name":"wp","href":"https:\/\/api.w.org\/{rel}","templated":true}]}}