{"id":7,"date":"2017-02-18T18:44:02","date_gmt":"2017-02-18T18:44:02","guid":{"rendered":"http:\/\/zenaevoluce.cz\/test\/?page_id=7"},"modified":"2022-09-30T09:36:13","modified_gmt":"2022-09-30T09:36:13","slug":"o-mne","status":"publish","type":"page","link":"https:\/\/zenaevoluce.cz\/?page_id=7","title":{"rendered":"O mn\u011b"},"content":{"rendered":"<p><a href=\"http:\/\/zenaevoluce.cz\/test\/wp-content\/uploads\/2017\/02\/IMG_2246.jpg\"><img loading=\"lazy\" class=\"size-medium wp-image-8 alignleft\" src=\"http:\/\/zenaevoluce.cz\/test\/wp-content\/uploads\/2017\/02\/IMG_2246-174x300.jpg\" alt=\"\" width=\"174\" height=\"300\" srcset=\"https:\/\/zenaevoluce.cz\/wp-content\/uploads\/2017\/02\/IMG_2246-174x300.jpg 174w, https:\/\/zenaevoluce.cz\/wp-content\/uploads\/2017\/02\/IMG_2246.jpg 200w\" sizes=\"(max-width: 174px) 100vw, 174px\" \/><\/a><strong>Davida Hathor<\/strong><\/p>\n<p>Zdrojem m\u00e9 vnit\u0159n\u00ed s\u00edly je uv\u011bdom\u011bn\u00ed si, \u017ee domov \u017eeny je d\u00edky jej\u00ed jinov\u00e9 podm\u00edn\u011bnosti v jej\u00edm nitru. Na sv\u00e9 cest\u011b se otev\u00edr\u00e1m sv\u00fdm bolestem, kter\u00e9 transformuji do pozn\u00e1n\u00ed a to mi dovoluje v\u00edce a v\u00edce vn\u00edmat sv\u00e9 doma v hloubi vlastn\u00edho j\u00e1. Ve sv\u00e9 praxi jedine\u010dn\u00fdm zp\u016fsobem spojuji poznatky modern\u00ed psychoterapie s v\u00fdchodn\u00ed tradic\u00ed a \u017eenskou intuic\u00ed. M\u00e1m dlouholet\u00e9 zku\u0161enosti s rozvojem \u017eensk\u00e9 energie a zam\u011b\u0159uji se na odstran\u011bn\u00ed blok\u016f vznikl\u00fdch b\u011bhem v\u00fdvoje identity \u017eeny.<\/p>\n<p>&nbsp;<\/p>\n<p><big>V\u00fdcviky, kter\u00e9 mne tak\u00e9 ovlivnily<\/big><\/p>\n<table class=\"tabulka\">\n<tbody>\n<tr>\n<td><\/td>\n<\/tr>\n<tr>\n<td>2012<\/td>\n<td>Hypn\u00f3za podle Eriksona a NLP practicioner &#8211; 2 roky<\/td>\n<\/tr>\n<tr>\n<td>2011<\/td>\n<td>Hypno-Systematick\u00fd kou\u010dink &#8211; 2 roky<\/td>\n<\/tr>\n<tr>\n<td>2011<\/td>\n<td>Rodinn\u00e9 konstelace a pohyby du\u0161e &#8211; 2 roky<\/td>\n<\/tr>\n<tr>\n<td>2008<\/td>\n<td>Tantra j\u00f3ga pro \u017eeny &#8211; 2 roky<\/td>\n<\/tr>\n<tr>\n<td>2002<\/td>\n<td><b>Biodynamick\u00e1 psychoterapie zam\u011b\u0159en\u00e1 na t\u011blo<\/b> &#8211; 5 let<\/td>\n<\/tr>\n<tr>\n<td>2002<\/td>\n<td>Lege Artis &#8211; postupy v komunitn\u00ed a skupinov\u00e9 psychoterapii &#8211; 2 roky<\/td>\n<\/tr>\n<tr>\n<td>2001<\/td>\n<td><b>SUR &#8211; skupinov\u00e1 dynamicky orientovan\u00e1 psychoterapie<\/b> &#8211; 5 let<\/td>\n<\/tr>\n<tr>\n<td>2001<\/td>\n<td>Pra\u017esk\u00e1 psychoterapeutick\u00e1 fakulta &#8211; 3 roky<\/td>\n<\/tr>\n<tr>\n<td>1999<\/td>\n<td>KBT &#8211; poruchy p\u0159\u00edjmu potravy<\/td>\n<\/tr>\n<tr>\n<td>1999<\/td>\n<td>Nobilis Tilia &#8211; Aromaterapie, mas\u00e1\u017ee<\/td>\n<\/tr>\n<tr>\n<td>1995<\/td>\n<td>Centrum Nesm\u011bn &#8211; alternativn\u00ed rozvoj osobnosti<\/td>\n<\/tr>\n<tr>\n<td><\/td>\n<\/tr>\n<tr>\n<td><\/td>\n<td>Individu\u00e1ln\u00ed psychoterapie (K. Paluskov\u00e1, J. Drahota, M. J\u00e1ra) &#8211; 4 roky<\/td>\n<\/tr>\n<tr>\n<td><\/td>\n<td>Supervize (O. Marlinov\u00e1, K. Paluskov\u00e1, E. Weidenfeld) &#8211; 3 roky<\/td>\n<\/tr>\n<\/tbody>\n<\/table>\n","protected":false},"excerpt":{"rendered":"<p>Davida Hathor Zdrojem m\u00e9 vnit\u0159n\u00ed s\u00edly je uv\u011bdom\u011bn\u00ed si, \u017ee domov \u017eeny je d\u00edky jej\u00ed jinov\u00e9 podm\u00edn\u011bnosti v jej\u00edm nitru. Na sv\u00e9 cest\u011b se otev\u00edr\u00e1m sv\u00fdm bolestem, kter\u00e9 transformuji do pozn\u00e1n\u00ed a to mi dovoluje v\u00edce a v\u00edce vn\u00edmat sv\u00e9 doma v hloubi vlastn\u00edho j\u00e1. Ve sv\u00e9 praxi jedine\u010dn\u00fdm zp\u016fsobem [&hellip;]<\/p>\n","protected":false},"author":1,"featured_media":0,"parent":0,"menu_order":0,"comment_status":"closed","ping_status":"closed","template":"","meta":[],"_links":{"self":[{"href":"https:\/\/zenaevoluce.cz\/index.php?rest_route=\/wp\/v2\/pages\/7"}],"collection":[{"href":"https:\/\/zenaevoluce.cz\/index.php?rest_route=\/wp\/v2\/pages"}],"about":[{"href":"https:\/\/zenaevoluce.cz\/index.php?rest_route=\/wp\/v2\/types\/page"}],"author":[{"embeddable":true,"href":"https:\/\/zenaevoluce.cz\/index.php?rest_route=\/wp\/v2\/users\/1"}],"replies":[{"embeddable":true,"href":"https:\/\/zenaevoluce.cz\/index.php?rest_route=%2Fwp%2Fv2%2Fcomments&post=7"}],"version-history":[{"count":6,"href":"https:\/\/zenaevoluce.cz\/index.php?rest_route=\/wp\/v2\/pages\/7\/revisions"}],"predecessor-version":[{"id":206,"href":"https:\/\/zenaevoluce.cz\/index.php?rest_route=\/wp\/v2\/pages\/7\/revisions\/206"}],"wp:attachment":[{"href":"https:\/\/zenaevoluce.cz\/index.php?rest_route=%2Fwp%2Fv2%2Fmedia&parent=7"}],"curies":[{"name":"wp","href":"https:\/\/api.w.org\/{rel}","templated":true}]}}